s the units digit of m?
2
Let m = 93 + -19. What is the tens digit of m?
7
Let o(f) = -3*f**2 - 2*f**2 + 0*f**2 + 4*f**2 + 2. What is the units digit of o(0)?
2
Suppose 3*o = o + 4. Suppose -o*n + 57 = 2*q + q, -58 = -2*n - 4*q. Suppose 3*d - 6*d + n = 0. What is the units digit of d?
9
Let n = 14 + -21. Let c = 3 - n. What is the tens digit of c?
1
Let l(t) = t. Suppose 5*b - 16 = b. Let v be l(b). Suppose -v = -r - 0. What is the units digit of r?
4
Suppose -4*n - 2*k - 6 = 0, n = -2*n - 2*k - 6. Suppose n = -4*z + 68 + 52. Suppose -p - z = -6*p. What is the units digit of p?
6
Let a(i) be the first derivative of i**6/180 + i**5/120 - i**4/8 + i**3/3 - 4. Let y(b) be the third derivative of a(b). What is the units digit of y(3)?
8
Let q be (2/(-6))/((-2)/24). Suppose 9 = q*a - 2*a + c, 0 = -5*a - 3*c + 25. Suppose -a*d - 2*d + 72 = 0. What is the units digit of d?
8
Let d(a) = a**2 + 5*a + 4. Let h be d(-4). Let q(j) = j**2 - j**2 - j**2 + j + 4. What is the units digit of q(h)?
4
Let w(f) = -f**3 + 6*f**2 + 2*f - 8. Let l be w(6). Suppose l*h + 3*m + 4 = 2, -4*h + 12 = -4*m. What is the units digit of h?
1
Let t = -19 - -25. What is the units digit of t?
6
Let k be 12/(-8) + (-510)/(-4). Suppose z + 2*z = k. What is the tens digit of z?
4
Let w = -99 - -211. What is the tens digit of w?
1
Suppose -25 + 5 = -5*v. Suppose i - 4 = -v*i + 2*d, 4*i = 2*d + 2. Suppose i*t + 4*k - 10 = 0, -20 = -2*t - 2*t - 5*k. What is the units digit of t?
5
Suppose -2*b - 3*x + 62 = 0, -5*b + 83 = -2*b + 2*x. Let m be (2/(-5))/((-1)/b). Let h = m + -7. What is the units digit of h?
3
What is the units digit of (2 + 7)/((-6)/(-24))?
6
Suppose 2 = f - 0. Suppose f*s - 27 = -s. What is the units digit of s?
9
Let n be 14 - (2/1 - 3). What is the units digit of (-2)/(-5) - (-699)/n?
7
Suppose x + 3*x = 0. What is the units digit of (-1 - x)*3*-11?
3
Let q(r) = 54*r - 4. What is the tens digit of q(2)?
0
Suppose -6*b + 256 = 40. What is the units digit of b?
6
Let s(x) = 2*x**2 - 2*x + 1. Suppose -4*l + 10 = 2*v - 2*l, 4*v + 3*l - 17 = 0. What is the units digit of s(v)?
5
Suppose -6 - 2 = -4*q. Let m(b) = b + 2. Let h be m(q). Suppose -w + 3*w + h*d - 46 = 0, 2*w - 42 = -2*d. What is the tens digit of w?
1
Let q(a) = a**2 - 5*a - 9. What is the tens digit of q(8)?
1
Suppose 3*p = 4*y + 80, 71 = 5*p - 4*y - 65. What is the units digit of p?
8
Let v be 0 + 13 - (0 - 2). Suppose 4*i - 1 - v = 0. Suppose 0 = i*o, -1 + 26 = 5*y - 5*o. What is the units digit of y?
5
Let o(t) = t**3 - 13*t**2. Let i be o(13). Suppose r - 3 = -i*r. What is the tens digit of (r + 16/(-6))*39?
1
What is the units digit of 21/(-14)*(1 - 3)?
3
Let w = 3 - 0. Suppose 2*m + w*m = x - 8, 4*x = -2*m + 10. Suppose 7*g = x*g + 28. What is the units digit of g?
7
Let v(d) = -6*d + d**2 + 7*d - 3*d + 2. What is the tens digit of v(5)?
1
Let q(o) be the third derivative of o**4/24 - o**3/6 + o**2. Let h be q(-1). What is the units digit of 4/3 - h/3?
2
Suppose -19*w - 126 = -22*w. What is the tens digit of w?
4
Suppose -2*i + 8 = -32. Let g = i + 8. What is the tens digit of g?
2
Let n(x) = -x**3 - 4*x**2 - 2*x + 3. Let w be n(-3). Suppose -2*g - 4 = -w. Let t = 13 + g. What is the tens digit of t?
1
Let q(k) = -39*k. Let n be q(1). Let u = -21 - n. What is the units digit of (-1 - -2)/(3/u)?
6
Suppose -d + 5 = -3. Let y = 31 - d. What is the units digit of y?
3
Let l(o) = -o**3 - 4*o**2 + 8*o + 4. Let m be l(-6). Let z = m - 16. What is the units digit of z?
2
Let k(m) = -2*m**2 + 1 + m**3 + 4*m**3 - m**3 + 2*m**3. What is the tens digit of k(2)?
4
Let c(t) = -12*t + 14. Let o(h) = 4*h - 5. Let s(j) = 6*c(j) + 17*o(j). Let l be s(-1). Let p = l - 0. What is the units digit of p?
3
Suppose -11*p = -10*p - 68. What is the units digit of p?
8
Let j be 2/(-9) - (-100)/45. What is the units digit of 8 - (-2 - (-4)/j)?
8
Suppose 0 = -2*c - 4*r - 16 + 86, 2*r - 70 = -2*c. What is the tens digit of c?
3
Let h(o) = -4*o**2 + o + 1. Let m be h(-1). What is the units digit of (m + 2 - -5) + 28?
1
Suppose 1466 + 139 = 5*o. What is the tens digit of o?
2
Let m be (-3 - -1)/2*-11. Suppose 2*x + m = x. What is the units digit of (-13)/(-2) + x/22?
6
Let l = -21 + 79. What is the tens digit of l?
5
What is the tens digit of 7 + -6 + -2 - -26?
2
Suppose 9*s = 7*s + 110. What is the units digit of s?
5
What is the tens digit of (-4*1)/(7/(-154))?
8
Let b = -97 + 175. What is the units digit of b?
8
Let m(h) = h**3 - 11*h**2 + 10*h - 15. What is the units digit of m(11)?
5
Let a = 43 + -22. What is the tens digit of a?
2
Suppose -6 + 2 = -2*w. Suppose 5*a = -2*n + 22 + 13, -4*n = -w*a - 82. What is the tens digit of n?
2
Suppose -q + 6*q = 5. Suppose -p + q = 2*f - 1, 0 = -4*f - 3*p. Suppose 3*z = -3*a + a + 36, 0 = -2*z - f*a + 24. What is the tens digit of z?
1
Suppose -9 = -5*q + 1, 0 = -p - 4*q + 12. Let x = 1 + p. What is the units digit of x?
5
Let l(v) = v**2 - v + 61. What is the tens digit of l(0)?
6
Let y be ((0 - 3) + 0)*7. What is the units digit of (y - 0)*2/(-6)?
7
Let n(g) = -g**3 + 8*g**2 - 6*g - 2. Let q be n(7). Suppose -q = -r + 9. What is the tens digit of r?
1
Let c(h) = -19*h**2 - 16*h + 7. Let r(q) = -13*q**2 - 11*q + 5. Let i(g) = -5*c(g) + 7*r(g). What is the units digit of i(-2)?
0
Let f be 6/(((-12)/(-3))/2). Suppose f*u = -2*g + 2, -2*u - 2*g = -0*g. Suppose 0*n = n - a - 15, 5*n - 40 = -u*a. What is the tens digit of n?
1
Suppose -4*t - 4*p - 2 = 2, t = -2*p - 4. Let g = t - 0. Suppose -5*j + 10 = 4*f, 0 = j - 3*j - 2*f + g. What is the units digit of j?
6
Let j(y) = -y**3 - y - 7. What is the units digit of j(-3)?
3
Suppose -2*m = -2*l + 5*l - 268, 4*m + 66 = l. What is the tens digit of l?
8
Suppose -2*f + 4*m = -346, m - 330 = -2*f - 3*m. What is the hundreds digit of f?
1
What is the units digit of 96/18 + 2/3?
6
Let o(v) be the second derivative of 4*v**3/3 + v**2/2 + 3*v. Let f be o(9). Suppose -4*x - 25 = -f. What is the tens digit of x?
1
Let d(y) = -y - 1. Let z be d(4). What is the units digit of (6/z)/(3/(-10))?
4
Let o = -38 + 59. Let q(f) = f**3 + 2*f**2 - 3*f - 3. Let n be q(-2). Suppose n*v - o = -0. What is the units digit of v?
7
Let c be (-6)/(-2) + -2 + 0. Let i = -3 + c. What is the units digit of 0 - i - 0/1?
2
Suppose -3*p = -25 + 1. What is the units digit of p?
8
Let q(y) = y**2 + 4*y + 4. What is the units digit of q(-8)?
6
Let v = 5 - -2. Let f = 15 - v. What is the tens digit of f*(0 - (-6)/4)?
1
Let u(h) = -h**2 + 11*h - 2. Let m be (-4)/14 - 715/(-77). What is the units digit of u(m)?
6
Let s(m) = -m**3 + 8*m**2 + 5*m - 5. What is the tens digit of s(8)?
3
Let c(g) = -2 - 2*g**2 - 1 - 3*g - g**2 + 2*g**2. Let d be c(-2). What is the units digit of -5*d/(10/4)?
2
Let a = 210 - 63. Suppose -3*h = -a - 24. What is the units digit of h?
7
Let m be (-2)/(-8) - (-35)/4. Let i = m - 2. Suppose 3*u + 12 = -5*p, 0*p - i = -4*u + p. What is the units digit of u?
1
Suppose -u = 2*f - 425, -215 = -f + 4*u - 2*u. What is the units digit of f?
3
Suppose 0*x = -5*n + 5*x + 30, 4*n - 9 = -x. Let y = n + 0. What is the units digit of y?
3
What is the tens digit of 8 + -8 + (15 - -1)?
1
Let i(z) = 134*z**2 + 2*z + 2. What is the units digit of i(-1)?
4
Let v = 8 - 4. Suppose -v*k = p + 3*p - 60, 69 = 5*p + 2*k. What is the tens digit of p?
1
Suppose 2*t - 4*p = 98, 4*t + 4*p - 184 = 9*p. What is the tens digit of t?
4
Suppose 5*v - 3*k = -0*v + 7, 5*v - k - 9 = 0. What is the units digit of 0/3 - v - -3?
1
Suppose 3 = w + 3. Suppose -1 = 3*k - 4*k. Let i = k - w. What is the units digit of i?
1
Let m be (-2)/(-5) - (-66)/10. Let s(g) = -7 - g + 12 + 5. What is the units digit of s(m)?
3
Let i be 24/10*(-15)/(-6). What is the units digit of (-3)/(i/2) - -8?
7
Suppose 2*i - 2*g + 8 = g, -g = -2*i. Suppose -18 = -i*f + 5*s, 0 = f - s - 16 + 4. What is the tens digit of f?
1
Let u(f) = -f + 5. Let t be u(3). Suppose -t*w = 3*w + 5*m - 25, 0 = -3*w - 4*m + 13. What is the units digit of w?
7
Let o(b) = -4 + 0*b + b**2 + 3*b + 0. Let h be o(-4). Suppose h = -3*n + 1 + 20. What is the units digit of n?
7
Let a(p) = -2*p**2 + p + 2. Let r be a(2). Let j = 16 + r. What is the tens digit of j?
1
Let n(p) = -p**2 - 5*p - 2. Let s be n(-3). Suppose 4*f + 68 = s*g, 0*g + 3*f - 77 = -5*g.